f 2259426016?
2, 37, 1908299
List the prime factors of 2628376741.
409, 6426349
List the prime factors of 184632125.
5, 29, 31, 53
What are the prime factors of 171269546?
2, 7, 23, 41, 12973
List the prime factors of 223341465.
3, 5, 14889431
List the prime factors of 288659328.
2, 3, 751717
List the prime factors of 1335154476.
2, 3, 111262873
List the prime factors of 45387283.
45387283
List the prime factors of 1844677087.
11, 109, 521, 2953
What are the prime factors of 1194631252?
2, 31, 9634123
List the prime factors of 7195577807.
11, 23, 53, 73, 7351
What are the prime factors of 2081331253?
53, 1949, 20149
List the prime factors of 53232369.
3, 17744123
List the prime factors of 23687647.
17, 761, 1831
What are the prime factors of 487682477?
131, 3722767
List the prime factors of 1989349558.
2, 7, 349, 407153
What are the prime factors of 3302530034?
2, 29, 733, 77681
List the prime factors of 532656219.
3, 7069, 25117
List the prime factors of 58667353.
241, 243433
List the prime factors of 1960964101.
1960964101
List the prime factors of 108072751.
108072751
What are the prime factors of 145881260?
2, 5, 7, 157, 6637
What are the prime factors of 674627640?
2, 3, 5, 193, 29129
What are the prime factors of 4681103294?
2, 7, 4957, 67453
What are the prime factors of 536015029?
11, 181, 269219
List the prime factors of 1973671718.
2, 487, 491, 4127
List the prime factors of 472655055.
3, 5, 1153, 27329
List the prime factors of 263736568.
2, 19, 1735109
What are the prime factors of 3534037820?
2, 5, 31, 5700061
List the prime factors of 28125672.
2, 3, 41, 101, 283
List the prime factors of 216617263.
216617263
What are the prime factors of 215247462?
2, 3, 97, 369841
List the prime factors of 126153677.
13, 359, 27031
List the prime factors of 421378069.
7, 307, 196081
What are the prime factors of 2872243586?
2, 107, 337, 39827
List the prime factors of 49160223.
3, 7, 23, 43, 263
List the prime factors of 800222638.
2, 229, 251, 6961
List the prime factors of 362902787.
13, 1823, 15313
List the prime factors of 11625791.
11625791
What are the prime factors of 298080934?
2, 31, 4807757
List the prime factors of 772710267.
3, 7, 53, 694259
List the prime factors of 88244596.
2, 11, 2005559
List the prime factors of 249840765.
3, 5, 5552017
List the prime factors of 471021868.
2, 117755467
List the prime factors of 1398697085.
5, 279739417
List the prime factors of 43409012.
2, 47, 73, 3163
List the prime factors of 43064232.
2, 3, 1794343
List the prime factors of 20599845.
3, 5, 7, 28027
What are the prime factors of 117751476?
2, 3, 239, 41057
What are the prime factors of 1336781550?
2, 3, 5, 13, 52733
What are the prime factors of 18637049?
17, 307, 3571
What are the prime factors of 1493527545?
3, 5, 53, 208739
List the prime factors of 79853303.
31, 449, 5737
List the prime factors of 17872549.
47, 380267
List the prime factors of 156586270.
2, 5, 31, 505117
List the prime factors of 319609039.
31, 10309969
List the prime factors of 128952421.
13, 23, 41, 67, 157
What are the prime factors of 16498392?
2, 3, 687433
List the prime factors of 1211789464.
2, 151473683
List the prime factors of 405312383.
7, 31, 1867799
What are the prime factors of 1037466048?
2, 3, 127, 157, 271
List the prime factors of 286911520.
2, 5, 7, 113, 2267
List the prime factors of 4664219.
7, 109, 6113
What are the prime factors of 96178101?
3, 5279, 6073
What are the prime factors of 75135098?
2, 37567549
List the prime factors of 41878771.
11, 673, 5657
What are the prime factors of 5185518444?
2, 3, 1801, 79979
List the prime factors of 70578204.
2, 3, 5881517
List the prime factors of 572000530.
2, 5, 17, 31, 311, 349
List the prime factors of 276440361.
3, 31, 103, 28859
List the prime factors of 1079696476.
2, 79, 3416761
What are the prime factors of 105030301?
17, 491, 12583
List the prime factors of 697660003.
23789, 29327
What are the prime factors of 631333412?
2, 157833353
What are the prime factors of 366645603?
3, 19, 607, 10597
List the prime factors of 548033705.
5, 109606741
What are the prime factors of 608670841?
608670841
What are the prime factors of 3207163?
79, 40597
List the prime factors of 2498626016.
2, 78082063
List the prime factors of 1933342330.
2, 5, 2647, 73039
List the prime factors of 114672160.
2, 5, 131, 5471
List the prime factors of 933721504.
2, 29178797
List the prime factors of 3109237.
619, 5023
What are the prime factors of 1716214053?
3, 572071351
List the prime factors of 89750486.
2, 7, 6410749
What are the prime factors of 12336591?
3, 4112197
List the prime factors of 308418009.
3, 102806003
What are the prime factors of 84119375?
5, 134591
List the prime factors of 1708984477.
67, 25507231
What are the prime factors of 9161035?
5, 13, 140939
What are the prime factors of 14373903?
3, 41, 137, 853
What are the prime factors of 815477149?
149, 5473001
List the prime factors of 22356820.
2, 5, 937, 1193
What are the prime factors of 721019250?
2, 3, 5, 7, 45779
What are the prime factors of 242018507?
242018507
List the prime factors of 19684342.
2, 19, 547, 947
What are the prime factors of 19888585?
5, 3977717
List the prime factors of 21961025.
5, 17, 51673
What are the prime factors of 141373802?
2, 17, 4158053
What are the prime factors of 224188468?
2, 7, 641, 12491
List the prime factors of 1156563195.
3, 5, 929, 82997
What are the prime factors of 309694727?
7177, 43151
What are the prime factors of 225556800?
2, 3, 5, 7, 137
What are the prime factors of 529836070?
2, 5, 52983607
List the prime factors of 3788611665.
3, 5, 252574111
List the prime factors of 465209752.
2, 7, 1201, 6917
What are the prime factors of 359186980?
2, 5, 17959349
What are the prime factors of 238438445?
5, 7, 6812527
What are the prime factors of 322719367?
613, 526459
List the prime factors of 831587646.
2, 3, 138597941
List the prime factors of 348427909.
19, 251, 73061
List the prime factors of 6190963867.
11, 53, 1471, 7219
What are the prime factors of 250903369?
4079, 61511
What are the prime factors of 1429903913?
1429903913
What are the prime factors of 383126577?
3, 89, 373, 3847
What are the prime factors of 158673715?
5, 59, 537877
What are the prime factors of 2191024510?
2, 5, 31, 1451, 4871
List the prime factors of 370899867.
3, 13, 647, 14699
List the prime factors of 456128300.
2, 5, 4561283
What are the prime factors of 57221362?
2, 11, 83, 31337
What are the prime factors of 494068978?
2, 13, 71, 267643
List the prime factors of 204732551.
204732551
What are the prime factors of 190074222?
2, 3, 13, 270761
What are the prime factors of 443011278?
2, 3, 2339, 31567
What are the prime factors of 37670947?
359, 104933
What are the prime factors of 1513892686?
2, 756946343
What are the prime factors of 779305804?
2, 251, 776201
List the prime factors of 4563967284.
2, 3, 9833, 12893
What are the prime factors of 86145763?
11, 7831433
List the prime factors of 614159838.
2, 3, 19, 1097, 1637
What are the prime factors of 94417586?
2, 3491, 13523
What are the prime factors of 4675804673?
19937, 234529
List the prime factors of 251978918.
2, 73, 953, 1811
What are the prime factors of 884056632?
2, 3, 36835693
List the prime factors of 958668458.
2, 11, 293, 148723
List the prime factors of 844394545.
5, 311, 543019
List the prime factors of 3566940292.
2, 7177, 124249
What are the prime factors of 2561184456?
2, 3, 106716019
List the prime factors of 64506811.
4421, 14591
What are the prime factors of 166498916?
2, 41624729
List the prime factors of 62895362.
2, 31447681
What are the prime factors of 192301140?
2, 3, 5, 113, 251
List the prime factors of 4848215226.
2, 3, 808035871
List the prime factors of 2035010921.
157, 1499, 8647
What are the prime factors of 1958342282?
2, 13, 75320857
What are the prime factors of 50324694?
2, 3, 7, 89, 13463
List the prime factors of 40175393.
61, 658613
List the prime factors of 98311736.
2, 12288967
What are the prime factors of 1766628728?
2, 29, 151, 211, 239
List the prime factors of 115976001.
3, 2707, 14281
What are the prime factors of 288306639?
3, 32034071
List the prime factors of 52930324.
2, 13232581
What are the prime factors of 138090141?
3, 